{"id":61,"date":"2017-05-11T09:47:26","date_gmt":"2017-05-11T09:47:26","guid":{"rendered":"http:\/\/abencerrajes.com\/?page_id=61"},"modified":"2025-08-22T06:17:31","modified_gmt":"2025-08-22T06:17:31","slug":"junta-directiva","status":"publish","type":"page","link":"https:\/\/abencerrajes.com\/?page_id=61","title":{"rendered":"Junta directiva"},"content":{"rendered":"<p><img loading=\"lazy\" class=\"aligncenter size-full wp-image-31\" src=\"https:\/\/abencerrajes.com\/wp-content\/uploads\/2017\/05\/ABENCERRAJES-195x300-e1494497790359.png\" alt=\"\" width=\"100\" height=\"154\" \/><\/p>\n<hr \/>\n<div class=\"col-md-6 text-center\">\n<h4 style=\"text-align: center;\">PRIMER TR\u00d3:<\/h4>\n<p style=\"text-align: center;\">Miguel Ballb\u00e9<\/p>\n<h4 style=\"text-align: center;\">DARRER TR\u00d3:<\/h4>\n<p style=\"text-align: center;\">Javier Botella<\/p>\n<h4 style=\"text-align: center;\">SECRETARI:<\/h4>\n<p style=\"text-align: center;\">Yoya Dom\u00e9nech<\/p>\n<p style=\"text-align: center;\">M\u00f3nica Sempere\u00a0<\/p>\n<h4 style=\"text-align: center;\">COP:<\/h4>\n<p style=\"text-align: center;\">Marta Cabanyes<\/p>\n<h4 style=\"text-align: center;\">CRONISTA:<\/h4>\n<p style=\"text-align: center;\">Aitana Llorens\u00a0<\/p>\n<p style=\"text-align: center;\">Mar\u00eda Ferr\u00e1ndiz\u00a0<\/p>\n<\/div>\n<div class=\"col-md-6 text-center\">\n<h4 style=\"text-align: center;\">VOCALS:<\/h4>\n<p style=\"text-align: center;\">Jorge Llacer<\/p>\n<p style=\"text-align: center;\">Roberto Sanchis<\/p>\n<p style=\"text-align: center;\">Iban Ramos<\/p>\n<p style=\"text-align: center;\">David Mu\u00f1oz<\/p>\n<p style=\"text-align: center;\">Luis Serrano\u00a0<\/p>\n<p style=\"text-align: center;\">Carlos Ferr\u00e1ndiz<\/p>\n<p style=\"text-align: center;\">Quique Rodes<\/p>\n<p style=\"text-align: center;\">\u00a0<\/p>\n<\/div>\n\n\n<p><\/p>\n","protected":false},"excerpt":{"rendered":"<p>PRIMER TR\u00d3: Miguel Ballb\u00e9 DARRER TR\u00d3: Javier Botella SECRETARI: Yoya Dom\u00e9nech M\u00f3nica Sempere\u00a0 COP: Marta Cabanyes CRONISTA: Aitana Llorens\u00a0 Mar\u00eda Ferr\u00e1ndiz\u00a0 VOCALS: Jorge Llacer Roberto Sanchis Iban Ramos David Mu\u00f1oz Luis Serrano\u00a0 Carlos Ferr\u00e1ndiz Quique Rodes \u00a0<\/p>\n","protected":false},"author":1,"featured_media":0,"parent":0,"menu_order":0,"comment_status":"closed","ping_status":"closed","template":"","meta":{"_exactmetrics_skip_tracking":false,"_exactmetrics_sitenote_active":false,"_exactmetrics_sitenote_note":"","_exactmetrics_sitenote_category":0,"jetpack_post_was_ever_published":false},"jetpack_sharing_enabled":true,"jetpack_shortlink":"https:\/\/wp.me\/P8IL24-Z","_links":{"self":[{"href":"https:\/\/abencerrajes.com\/index.php?rest_route=\/wp\/v2\/pages\/61"}],"collection":[{"href":"https:\/\/abencerrajes.com\/index.php?rest_route=\/wp\/v2\/pages"}],"about":[{"href":"https:\/\/abencerrajes.com\/index.php?rest_route=\/wp\/v2\/types\/page"}],"author":[{"embeddable":true,"href":"https:\/\/abencerrajes.com\/index.php?rest_route=\/wp\/v2\/users\/1"}],"replies":[{"embeddable":true,"href":"https:\/\/abencerrajes.com\/index.php?rest_route=%2Fwp%2Fv2%2Fcomments&post=61"}],"version-history":[{"count":15,"href":"https:\/\/abencerrajes.com\/index.php?rest_route=\/wp\/v2\/pages\/61\/revisions"}],"predecessor-version":[{"id":1197,"href":"https:\/\/abencerrajes.com\/index.php?rest_route=\/wp\/v2\/pages\/61\/revisions\/1197"}],"wp:attachment":[{"href":"https:\/\/abencerrajes.com\/index.php?rest_route=%2Fwp%2Fv2%2Fmedia&parent=61"}],"curies":[{"name":"wp","href":"https:\/\/api.w.org\/{rel}","templated":true}]}}

<p><img loading="lazy" class="aligncenter size-full wp-image-31" src="https://abencerrajes.com/wp-content/uploads/2017/05/ABENCERRAJES-195x300-e1494497790359.png" alt="" width="100" height="154" /></p>
<hr />
<div class="col-md-6 text-center">
<h4 style="text-align: center;">PRIMER TRÓ:</h4>
<p style="text-align: center;">Miguel Ballbé</p>
<h4 style="text-align: center;">DARRER TRÓ:</h4>
<p style="text-align: center;">Javier Botella</p>
<h4 style="text-align: center;">SECRETARI:</h4>
<p style="text-align: center;">Yoya Doménech</p>
<p style="text-align: center;">Mónica Sempere </p>
<h4 style="text-align: center;">COP:</h4>
<p style="text-align: center;">Marta Cabanyes</p>
<h4 style="text-align: center;">CRONISTA:</h4>
<p style="text-align: center;">Aitana Llorens </p>
<p style="text-align: center;">María Ferrándiz </p>
</div>
<div class="col-md-6 text-center">
<h4 style="text-align: center;">VOCALS:</h4>
<p style="text-align: center;">Jorge Llacer</p>
<p style="text-align: center;">Roberto Sanchis</p>
<p style="text-align: center;">Iban Ramos</p>
<p style="text-align: center;">David Muñoz</p>
<p style="text-align: center;">Luis Serrano </p>
<p style="text-align: center;">Carlos Ferrándiz</p>
<p style="text-align: center;">Quique Rodes</p>
<p style="text-align: center;"> </p>
</div>


<p></p>

<p>PRIMER TRÓ: Miguel Ballbé DARRER TRÓ: Javier Botella SECRETARI: Yoya Doménech Mónica Sempere  COP: Marta Cabanyes CRONISTA: Aitana Llorens  María Ferrándiz  VOCALS: Jorge Llacer Roberto Sanchis Iban Ramos David Muñoz Luis Serrano  Carlos Ferrándiz Quique Rodes  </p>
